{"id":10,"date":"2019-11-13T10:33:41","date_gmt":"2019-11-13T09:33:41","guid":{"rendered":"http:\/\/eltor2.pl\/?page_id=10"},"modified":"2019-11-13T10:33:41","modified_gmt":"2019-11-13T09:33:41","slug":"strona-glowna","status":"publish","type":"page","link":"https:\/\/eltor2.pl\/index.php\/strona-glowna\/","title":{"rendered":"Strona g\u0142\u00f3wna"},"content":{"rendered":"<p>Witamy na stronie! To jest strona g\u0142\u00f3wna, kt\u00f3r\u0105 zobaczy wi\u0119kszo\u015b\u0107 odwiedzaj\u0105cych, kiedy b\u0119dzie odwiedza\u0107 twoj\u0105 witryn\u0119 po raz pierwszy.<\/p>\n","protected":false},"excerpt":{"rendered":"<p>Witamy na stronie! To jest strona g\u0142\u00f3wna, kt\u00f3r\u0105 zobaczy wi\u0119kszo\u015b\u0107 odwiedzaj\u0105cych, kiedy b\u0119dzie odwiedza\u0107 twoj\u0105 witryn\u0119 po raz pierwszy.<\/p>\n","protected":false},"author":1,"featured_media":0,"parent":0,"menu_order":0,"comment_status":"closed","ping_status":"closed","template":"","meta":{"_themeisle_gutenberg_block_has_review":false,"footnotes":""},"class_list":["post-10","page","type-page","status-publish","hentry"],"yoast_head":"<!-- This site is optimized with the Yoast SEO plugin v27.4 - https:\/\/yoast.com\/product\/yoast-seo-wordpress\/ -->\n<title>Strona g\u0142\u00f3wna | Eltor2<\/title>\n<meta name=\"robots\" content=\"index, follow, max-snippet:-1, max-image-preview:large, max-video-preview:-1\" \/>\n<link rel=\"canonical\" href=\"https:\/\/eltor2.pl\/index.php\/strona-glowna\/\" \/>\n<meta property=\"og:locale\" content=\"pl_PL\" \/>\n<meta property=\"og:type\" content=\"article\" \/>\n<meta property=\"og:title\" content=\"Strona g\u0142\u00f3wna | Eltor2\" \/>\n<meta property=\"og:description\" content=\"Witamy na stronie! To jest strona g\u0142\u00f3wna, kt\u00f3r\u0105 zobaczy wi\u0119kszo\u015b\u0107 odwiedzaj\u0105cych, kiedy b\u0119dzie odwiedza\u0107 twoj\u0105 witryn\u0119 po raz pierwszy.\" \/>\n<meta property=\"og:url\" content=\"https:\/\/eltor2.pl\/index.php\/strona-glowna\/\" \/>\n<meta property=\"og:site_name\" content=\"Eltor2\" \/>\n<meta property=\"article:publisher\" content=\"https:\/\/www.facebook.com\/eltor2\/\" \/>\n<meta name=\"twitter:card\" content=\"summary_large_image\" \/>\n<script type=\"application\/ld+json\" class=\"yoast-schema-graph\">{\"@context\":\"https:\\\/\\\/schema.org\",\"@graph\":[{\"@type\":\"WebPage\",\"@id\":\"https:\\\/\\\/eltor2.pl\\\/index.php\\\/strona-glowna\\\/\",\"url\":\"https:\\\/\\\/eltor2.pl\\\/index.php\\\/strona-glowna\\\/\",\"name\":\"Strona g\u0142\u00f3wna | Eltor2\",\"isPartOf\":{\"@id\":\"https:\\\/\\\/eltor2.pl\\\/#website\"},\"datePublished\":\"2019-11-13T09:33:41+00:00\",\"breadcrumb\":{\"@id\":\"https:\\\/\\\/eltor2.pl\\\/index.php\\\/strona-glowna\\\/#breadcrumb\"},\"inLanguage\":\"pl-PL\",\"potentialAction\":[{\"@type\":\"ReadAction\",\"target\":[\"https:\\\/\\\/eltor2.pl\\\/index.php\\\/strona-glowna\\\/\"]}]},{\"@type\":\"BreadcrumbList\",\"@id\":\"https:\\\/\\\/eltor2.pl\\\/index.php\\\/strona-glowna\\\/#breadcrumb\",\"itemListElement\":[{\"@type\":\"ListItem\",\"position\":1,\"name\":\"Strona g\u0142\u00f3wna\",\"item\":\"https:\\\/\\\/eltor2.pl\\\/\"},{\"@type\":\"ListItem\",\"position\":2,\"name\":\"Strona g\u0142\u00f3wna\"}]},{\"@type\":\"WebSite\",\"@id\":\"https:\\\/\\\/eltor2.pl\\\/#website\",\"url\":\"https:\\\/\\\/eltor2.pl\\\/\",\"name\":\"Eltor2\",\"description\":\"plandeki \\\/ kotary \\\/ bannery \\\/ dachy \\\/ os\u0142ony taras\u00f3w, altan i balkon\u00f3w \\\/ materace weterynaryjne \\\/ szycie \\\/ zgrzewanie \\\/ naprawa przystawek przyczep kempingowych i namiot\u00f3w \\\/ us\u0142ugi riggerskie \\\/ us\u0142ugi ci\u0119cia drzew\",\"publisher\":{\"@id\":\"https:\\\/\\\/eltor2.pl\\\/#organization\"},\"potentialAction\":[{\"@type\":\"SearchAction\",\"target\":{\"@type\":\"EntryPoint\",\"urlTemplate\":\"https:\\\/\\\/eltor2.pl\\\/?s={search_term_string}\"},\"query-input\":{\"@type\":\"PropertyValueSpecification\",\"valueRequired\":true,\"valueName\":\"search_term_string\"}}],\"inLanguage\":\"pl-PL\"},{\"@type\":\"Organization\",\"@id\":\"https:\\\/\\\/eltor2.pl\\\/#organization\",\"name\":\"Eltor 2\",\"url\":\"https:\\\/\\\/eltor2.pl\\\/\",\"logo\":{\"@type\":\"ImageObject\",\"inLanguage\":\"pl-PL\",\"@id\":\"https:\\\/\\\/eltor2.pl\\\/#\\\/schema\\\/logo\\\/image\\\/\",\"url\":\"http:\\\/\\\/eltor2.pl\\\/wp-content\\\/uploads\\\/2020\\\/01\\\/logo-Eltor2-e1579770563767.png\",\"contentUrl\":\"http:\\\/\\\/eltor2.pl\\\/wp-content\\\/uploads\\\/2020\\\/01\\\/logo-Eltor2-e1579770563767.png\",\"width\":150,\"height\":38,\"caption\":\"Eltor 2\"},\"image\":{\"@id\":\"https:\\\/\\\/eltor2.pl\\\/#\\\/schema\\\/logo\\\/image\\\/\"},\"sameAs\":[\"https:\\\/\\\/www.facebook.com\\\/eltor2\\\/\"]}]}<\/script>\n<!-- \/ Yoast SEO plugin. -->","yoast_head_json":{"title":"Strona g\u0142\u00f3wna | Eltor2","robots":{"index":"index","follow":"follow","max-snippet":"max-snippet:-1","max-image-preview":"max-image-preview:large","max-video-preview":"max-video-preview:-1"},"canonical":"https:\/\/eltor2.pl\/index.php\/strona-glowna\/","og_locale":"pl_PL","og_type":"article","og_title":"Strona g\u0142\u00f3wna | Eltor2","og_description":"Witamy na stronie! To jest strona g\u0142\u00f3wna, kt\u00f3r\u0105 zobaczy wi\u0119kszo\u015b\u0107 odwiedzaj\u0105cych, kiedy b\u0119dzie odwiedza\u0107 twoj\u0105 witryn\u0119 po raz pierwszy.","og_url":"https:\/\/eltor2.pl\/index.php\/strona-glowna\/","og_site_name":"Eltor2","article_publisher":"https:\/\/www.facebook.com\/eltor2\/","twitter_card":"summary_large_image","schema":{"@context":"https:\/\/schema.org","@graph":[{"@type":"WebPage","@id":"https:\/\/eltor2.pl\/index.php\/strona-glowna\/","url":"https:\/\/eltor2.pl\/index.php\/strona-glowna\/","name":"Strona g\u0142\u00f3wna | Eltor2","isPartOf":{"@id":"https:\/\/eltor2.pl\/#website"},"datePublished":"2019-11-13T09:33:41+00:00","breadcrumb":{"@id":"https:\/\/eltor2.pl\/index.php\/strona-glowna\/#breadcrumb"},"inLanguage":"pl-PL","potentialAction":[{"@type":"ReadAction","target":["https:\/\/eltor2.pl\/index.php\/strona-glowna\/"]}]},{"@type":"BreadcrumbList","@id":"https:\/\/eltor2.pl\/index.php\/strona-glowna\/#breadcrumb","itemListElement":[{"@type":"ListItem","position":1,"name":"Strona g\u0142\u00f3wna","item":"https:\/\/eltor2.pl\/"},{"@type":"ListItem","position":2,"name":"Strona g\u0142\u00f3wna"}]},{"@type":"WebSite","@id":"https:\/\/eltor2.pl\/#website","url":"https:\/\/eltor2.pl\/","name":"Eltor2","description":"plandeki \/ kotary \/ bannery \/ dachy \/ os\u0142ony taras\u00f3w, altan i balkon\u00f3w \/ materace weterynaryjne \/ szycie \/ zgrzewanie \/ naprawa przystawek przyczep kempingowych i namiot\u00f3w \/ us\u0142ugi riggerskie \/ us\u0142ugi ci\u0119cia drzew","publisher":{"@id":"https:\/\/eltor2.pl\/#organization"},"potentialAction":[{"@type":"SearchAction","target":{"@type":"EntryPoint","urlTemplate":"https:\/\/eltor2.pl\/?s={search_term_string}"},"query-input":{"@type":"PropertyValueSpecification","valueRequired":true,"valueName":"search_term_string"}}],"inLanguage":"pl-PL"},{"@type":"Organization","@id":"https:\/\/eltor2.pl\/#organization","name":"Eltor 2","url":"https:\/\/eltor2.pl\/","logo":{"@type":"ImageObject","inLanguage":"pl-PL","@id":"https:\/\/eltor2.pl\/#\/schema\/logo\/image\/","url":"http:\/\/eltor2.pl\/wp-content\/uploads\/2020\/01\/logo-Eltor2-e1579770563767.png","contentUrl":"http:\/\/eltor2.pl\/wp-content\/uploads\/2020\/01\/logo-Eltor2-e1579770563767.png","width":150,"height":38,"caption":"Eltor 2"},"image":{"@id":"https:\/\/eltor2.pl\/#\/schema\/logo\/image\/"},"sameAs":["https:\/\/www.facebook.com\/eltor2\/"]}]}},"jetpack_sharing_enabled":true,"_links":{"self":[{"href":"https:\/\/eltor2.pl\/index.php\/wp-json\/wp\/v2\/pages\/10","targetHints":{"allow":["GET"]}}],"collection":[{"href":"https:\/\/eltor2.pl\/index.php\/wp-json\/wp\/v2\/pages"}],"about":[{"href":"https:\/\/eltor2.pl\/index.php\/wp-json\/wp\/v2\/types\/page"}],"author":[{"embeddable":true,"href":"https:\/\/eltor2.pl\/index.php\/wp-json\/wp\/v2\/users\/1"}],"replies":[{"embeddable":true,"href":"https:\/\/eltor2.pl\/index.php\/wp-json\/wp\/v2\/comments?post=10"}],"version-history":[{"count":1,"href":"https:\/\/eltor2.pl\/index.php\/wp-json\/wp\/v2\/pages\/10\/revisions"}],"predecessor-version":[{"id":17,"href":"https:\/\/eltor2.pl\/index.php\/wp-json\/wp\/v2\/pages\/10\/revisions\/17"}],"wp:attachment":[{"href":"https:\/\/eltor2.pl\/index.php\/wp-json\/wp\/v2\/media?parent=10"}],"curies":[{"name":"wp","href":"https:\/\/api.w.org\/{rel}","templated":true}]}}